 j(l) = -2*l**3 + l**2 + 9*l - 6. Let o(r) = -2*r**3 + r**2 + 10*r - 7. Let i(g) = -4*j(g) + 3*o(g). Is i(4) composite?
True
Suppose -1511 + 3 = -4*d - 3*j, 3*d = 2*j + 1131. Is d a prime number?
False
Let u(j) = -84*j - 5. Is u(-7) composite?
True
Suppose -5*a + 245 = 5*m, 20 = 2*a - 5*m - 50. Let x = a - -6. Is x composite?
True
Let v = -451 + 638. Is v prime?
False
Let a(n) = -35*n**3 + 2*n**2 - 9*n + 2. Let f(u) = -18*u**3 + u**2 - 5*u + 1. Let y(h) = -6*a(h) + 11*f(h). Is y(2) a composite number?
False
Suppose 0*b + 3*b - 5*t - 509 = 0, -4*b + 5*t + 672 = 0. Is b composite?
False
Suppose -3 = -2*g + g. Let i(a) = 2*a**2 - 2*a - 1. Let u be i(2). Suppose -u = -g*s + 54. Is s a prime number?
True
Suppose -491 + 1750 = m. Is m a composite number?
False
Let v(s) = -s**3 + s**2 + s + 1. Let t be v(-1). Suppose -t*m + 4*m - 190 = 0. Is m a prime number?
False
Let v be (1/1 + -3)*-290. Suppose 2*m = -2*m + v. Is m composite?
True
Is (-7 - -2) + 197 - 1 a prime number?
True
Let z(k) = 2*k**2 + 4*k**2 - 4*k**2 + 2 - 5*k - 1. Let v be z(4). Suppose b - 18 - v = 0. Is b prime?
True
Suppose 2*a - 6*a = -568. Is a composite?
True
Suppose 2*t - 6 = 4*b, -5*t + 2*t = -3*b - 12. Let g be (b - -43) + 0/(-3). Suppose 2*m = -4*n + g, 3*n = -2*m + 3*m - 2. Is m a composite number?
True
Let c(y) be the second derivative of -y**5/60 - y**4/3 - y**3 + y**2 + 2*y. Let d(b) be the first derivative of c(b). Is d(-6) composite?
True
Is (205/10)/((-1)/(-10)) a composite number?
True
Is 71/2*38 + 2 prime?
False
Let z = 12 - 0. Is (z/(-18))/(2/(-1923)) a composite number?
False
Suppose -t + 60 = 3*t. Let i(u) = 2*u + 5. Let l be i(-5). Is (-393)/l + 6/t a composite number?
False
Suppose 5*g + 83 = 2*z - 41, 2*z = -4*g + 124. Suppose -5*a + 179 = 4*l, 4*a + l - 79 - z = 0. Is a a composite number?
True
Let f = 1153 + 284. Is f a composite number?
True
Let a = 15 + -13. Suppose -u = -5*m - 146, a*u - 32 = 5*m + 260. Is u a prime number?
False
Let g = -446 - -1363. Is g composite?
True
Let g(r) = 3*r**2 + 5. Let x = 19 - 31. Let k be 18/5 + x/(-30). Is g(k) prime?
True
Let x(b) be the first derivative of -b**2/2 + b - 1. Let l be x(1). Suppose -73 - 332 = -5*i + 4*c, 2*c - 10 = l. Is i prime?
False
Suppose 7 + 5 = 4*z. Suppose 2*y - 10 = -z*c + 83, -2*c - 3*y = -57. Is c prime?
False
Let p(m) = -37*m + 32. Is p(-11) a prime number?
True
Let p(i) = 84*i**3 - 2*i**2 - i + 2. Is p(1) a composite number?
False
Suppose 0 = 4*n - 6*n - 26. Suppose 4*y - 120 = -y. Let q = n + y. Is q prime?
True
Suppose 4*q - 91 + 19 = 0. Let u = 19 + q. Is u prime?
True
Let w(v) = 274*v**2 - 2*v - 1. Let z be w(-1). Suppose 340 = 3*q - z. Is q composite?
True
Let p = -7 + 38. Suppose -p = -d - 0*d. Is d composite?
False
Let r(y) = 2*y + 367. Let m be r(0). Let c = -176 + m. Is c prime?
True
Suppose 4*n + 4 = -0. Let p be (-1 + 33)/((-2)/(-9)). Let f = p - n. Is f a composite number?
True
Suppose -4*g + 2*o - 6 = -2*g, 4*g + 6 = o. Let m be -5*(-3 - -4)*g. Suppose -m*l = -75 - 20. Is l a composite number?
False
Suppose 0 = x + 14 - 67. Is x + 1 + 3 + -2 composite?
True
Let d be (-2)/(-6) - (-2)/(-6). Suppose 4*z = 2*z - l + 5, d = 5*z + 5*l - 15. Is ((-2)/z)/(1/(-97)) prime?
True
Let d = 25 + -14. Let y(f) = -f - 7. Let g be y(d). Is (-248)/(-3) - 6/g composite?
False
Let o(w) = 99*w**2 + w - 7. Is o(3) a prime number?
True
Let g = 75 - -320. Is g prime?
False
Let l = -61 + 112. Let y = -111 + 79. Let i = y + l. Is i a prime number?
True
Suppose k + 3*k + 8 = 0. Let b be (110/4 + 1)*k. Let c = b + 110. Is c a composite number?
False
Let s(d) = -d**3 + 8*d**2 + 7*d. Let b(y) = y - 1. Let i(t) = -b(t) + s(t). Let v be i(7). Suppose 5*n - 4*m + 3*m - 380 = 0, -n - 3*m = -v. Is n composite?
True
Suppose -2*b + 5*k + 33 = 8, -b + 10 = -3*k. Is b a composite number?
True
Let j(t) = 13*t**2 - t - 3. Is j(-2) composite?
True
Let y = 1 - -3. Let f be (6/2)/(6/y). Suppose 4*j + 362 = f*p, 2*j = 2*p - 6*p + 754. Is p composite?
True
Suppose g = 5*x + 3*g - 71, -3*x + 3*g = -30. Let w(a) = -1 - a**2 - 4 + 0 + x*a. Is w(6) composite?
False
Let m(j) = 16*j**2 - 6*j + 3. Is m(7) a composite number?
True
Let s be (1 + 2 - 1) + 3. Let q = 26 + s. Is q a composite number?
False
Let w(n) be the second derivative of n**4/12 - n**3/6 + n**2/2 - 2*n. Is w(4) a composite number?
False
Let a(r) = -r - 12. Let y be a(-8). Let g(v) = 7*v**3 + 3*v**2 + 2*v - 1. Let l(o) = -o. Let f(c) = y*l(c) - g(c). Is f(-3) composite?
False
Let v = 8 + -3. Suppose -5*i = 32 - 42. Suppose v*h = i*h + 42. Is h composite?
True
Suppose 5*n = -p + 221 + 248, -5*n + 2385 = 5*p. Is p composite?
False
Let l(u) = -217*u + 12. Is l(-5) composite?
False
Let h(n) = 5*n - 1. Suppose -5*q = 2*k - 23 - 5, -5*q + 8 = -3*k. Is h(q) prime?
True
Let l(s) = 2*s**2 + s - 17. Is l(-7) prime?
False
Let w(s) = -s**2 + 6*s - 7. Let k be w(6). Let l(h) be the first derivative of -h**2/2 - 23. Is l(k) prime?
True
Suppose 0 = -3*m, -5*m = 2*k - 0*m - 4922. Is k a composite number?
True
Let u(k) = 40*k**2 - 3*k + 7. Is u(4) composite?
True
Let o = 340 - 179. Is o a prime number?
False
Suppose -350 = -s - s. Let l = s - -58. Is l a prime number?
True
Let x = -20 - -661. Is x a composite number?
False
Let k be 36/14 + (-15)/(-35). Suppose -4 = -3*q + 2*q. Let a = k + q. Is a composite?
False
Let y be 102/(-5) - 4/(-10). Let c be 40/1 + (9 - 8). Let o = c + y. Is o prime?
False
Is (-2 - -5) + (-6)/3 + 672 a composite number?
False
Suppose -5*k = h - 14, -2*k + 5*k = -5*h + 4. Let j be 6 + -5 - (1 + k). Is 65 + 0 + (-1 - j) composite?
False
Let f(j) = -5*j - 7. Suppose 0 = 5*z - 25, 0*z = 4*q - z + 25. Let t be f(q). Is 31/(-2*(-3)/t) a prime number?
False
Suppose -3*r + 0 = -9. Suppose -4*l - 754 = j - 3*j, -r*l = 3*j - 1140. Is j prime?
True
Suppose 5*k - 18 - 8 = -4*w, -k - 2 = -w. Suppose -231 - 433 = -w*o. Is o a composite number?
True
Let p(z) = z**2 + 5*z - 10. Let c be p(-7). Suppose d = 5*m - 80, c*m - 18 = -4*d + 22. Is m a prime number?
False
Suppose -2*a + 30 = a. Is (a - -1)/(3/21) a composite number?
True
Let f be 13 + -1 - (-4)/2. Suppose -2*s - f = -0*s. Let y = s + 53. Is y a prime number?
False
Let q = -225 - -444. Let w = -92 + q. Is w prime?
True
Suppose -5*w - 4*u + 78 + 77 = 0, 3*w - 2*u = 71. Let d(l) = -l**2 + 83. Let s be d(0). Suppose w = -4*q + s. Is q a composite number?
True
Let c(f) = 4*f**2 + f + 1. Let l be ((-2)/4)/((-3)/18). Let i = l + -5. Is c(i) prime?
False
Let s be ((-3)/2)/((-15)/20). Suppose -2*n + 232 = -2*j, s*j = -3*n + 8*n - 580. Suppose -381 + n = -5*q. Is q a prime number?
True
Let k(w) = 14*w - 6. Let x(r) = -7*r + 3. Let q(u) = -6*k(u) - 15*x(u). Is q(8) a composite number?
True
Suppose 5*o = -5*x + 30, 3*x - 4*o - 12 = -o. Let c = x + -5. Suppose 0 = -c*y + 5*y - 235. Is y prime?
True
Let m be -4 - -4 - (-3)/1. Suppose 5*p + 2*i - m*i = 21, i = 3*p - 13. Is p/(170/(-58) + 3) a prime number?
False
Let t be 152/20 + (-4)/(-10). Let w(k) = -3 - t*k**2 + 1 + k**3 + 1 + 4*k. Is w(8) a prime number?
True
Let m(j) = j**3 + 5*j**2 + 2*j - 2. Let y be m(-4). Suppose 10 = -y*q + 4*q. Let a(i) = -i**3 - 3*i**2 - i. Is a(q) composite?
True
Let p be 0 + 2/4*3532. Suppose -3*g - p = -5*m, -4*m - m - 4*g + 1787 = 0. Is m a prime number?
False
Let j(g) = -g**3 - g - 1. Let k(l) = -6*l**3 - 6*l**2 - 4*l + 2. Let w(p) = -5*j(p) + k(p). Is w(-8) composite?
False
Suppose 5*g + 4*h = 455, -g = -3*g - 5*h + 182. Is g prime?
False
Let w(s) = 3*s**2 + 1. Let g be w(1). Let k(j) = 4*j**2 + 4*j + 3. Let c be k(-4). Suppose c = g*d - 9. Is d composite?
True
Let z = 8 + -3. Suppose 0 = -b - 3*v - 23, b - 58 = 3*b + 2*v. Let q = z - b. Is q composite?
False
Let d(z) = -4*z + 733. Is d(0) a composite number?
False
Suppose 3*v - 2247 = -0*v. Is v composite?
True
Suppose 5*o + i = 14 + 2, 3*i + 3 = 2*o. Suppose 0 = -3*g + 5*c + 320, 6 = -g + o*c + 114. Suppose -4*p = p - g. Is p prime?
False
Let t(s) be the second derivative of -s**8/2240 + s**7/630 + s**6/180 + s**5/40 + s**4/12 + s. Let u(m) be the third derivative of t(m). Is u(-2) composite?
True
Let v(j) = 23*j**2 - 3*j - 3. Let n be v(3). Suppose 3*m + n = 6*m. Is m composite?
True
Suppose 8 + 0 = 2*v. Suppose p - 89 = -v*j + 56, 2*p + 6 = 0. Is j composite?
False
Suppose 62 = -2*k + 178.